{"id":107,"date":"2025-01-16T19:26:58","date_gmt":"2025-01-16T19:26:58","guid":{"rendered":"https:\/\/primaria-stilpu.ro\/?page_id=107"},"modified":"2025-01-16T20:09:02","modified_gmt":"2025-01-16T20:09:02","slug":"istorie","status":"publish","type":"page","link":"https:\/\/primaria-stilpu.ro\/index.php\/istorie\/","title":{"rendered":"Istorie"},"content":{"rendered":"<h4>Conacul Angelescu<\/h4>\n<div class=\"fusion-text\">\n<p><a href=\"https:\/\/primaria-stilpu.ro\/wp-content\/uploads\/2025\/01\/conacul-angelescu-stalpu-6.jpg\"><img loading=\"lazy\" decoding=\"async\" class=\"alignleft size-medium wp-image-123\" src=\"https:\/\/primaria-stilpu.ro\/wp-content\/uploads\/2025\/01\/conacul-angelescu-stalpu-6-300x200.jpg\" alt=\"\" width=\"300\" height=\"200\" srcset=\"https:\/\/primaria-stilpu.ro\/wp-content\/uploads\/2025\/01\/conacul-angelescu-stalpu-6-300x200.jpg 300w, https:\/\/primaria-stilpu.ro\/wp-content\/uploads\/2025\/01\/conacul-angelescu-stalpu-6-768x512.jpg 768w, https:\/\/primaria-stilpu.ro\/wp-content\/uploads\/2025\/01\/conacul-angelescu-stalpu-6.jpg 800w\" sizes=\"auto, (max-width: 300px) 100vw, 300px\" \/><\/a>La sf\u00e2r\u015fitul anului 1899 t\u00e2n\u0103rul doctor \u00een medicin\u0103 Constantin D. Angelescu se c\u0103s\u0103torea cu Virginia Monteoru, fiica petrolistului Grigore C. Monteoru, mo\u015ftenitoarea unei averi apreciabile. Fieful familiei Monteoru era \u00een renumita (pe atunci) sta\u0163iune <a href=\"https:\/\/turismbuzau.ro\/sarata-monteoru\/\">S\u0103rata Monteoru<\/a>, nu departe de Buz\u0103u \u0219i St\u00e2lpu. Printre bunurile imobile mo\u0219tenite de Virginia la moartea tat\u0103lui se num\u0103ra \u0219i mo\u0219ia din St\u00e2lpu, unde nu cu mult timp \u00eenainte fuseser\u0103 ridicate gara Monteoru, care deservea sta\u021biunea \u0219i exploat\u0103rile petrolifere de acolo, dar \u0219i impun\u0103torul conac. \u00cen urma c\u0103s\u0103toriei cu Virginia, doctorul C. Angelescu devenea \u0219i proprietarul conacului din St\u00e2lpu.<\/p>\n<p>Constantin I. Angelescu (1869 \u2013 1948),\u00a0membru de onoare al Academiei Rom\u00e2ne, a fost politician, medic \u0219i profesor universitar, ministru \u0219i reformator al \u0219colii rom\u00e2ne\u0219ti \u00een perioada interbelic\u0103. Dup\u0103 moartea lui Grigore Monteoru, dr. C. Angelescu \u00eei va continua opera trebuind s\u0103 se \u00eempart\u0103 \u00eentre medicin\u0103, politic\u0103 \u015fi afaceri! Calit\u0103\u0163ile de bun organizator \u015fi de bun constructor \u00eei vor aduce, printre altele, \u0219i renumele de <i>Doctorul C\u0103r\u0103mid\u0103<\/i>!<\/p>\n<\/div>\n","protected":false},"excerpt":{"rendered":"<p>Conacul Angelescu La sf\u00e2r\u015fitul anului 1899 t\u00e2n\u0103rul doctor \u00een medicin\u0103 Constantin D. Angelescu se c\u0103s\u0103torea cu Virginia Monteoru, fiica petrolistului Grigore C. Monteoru, mo\u015ftenitoarea unei&#8230;<\/p>\n","protected":false},"author":2,"featured_media":0,"parent":0,"menu_order":0,"comment_status":"closed","ping_status":"closed","template":"","meta":{"footnotes":""},"class_list":["post-107","page","type-page","status-publish","hentry"],"_links":{"self":[{"href":"https:\/\/primaria-stilpu.ro\/index.php\/wp-json\/wp\/v2\/pages\/107","targetHints":{"allow":["GET"]}}],"collection":[{"href":"https:\/\/primaria-stilpu.ro\/index.php\/wp-json\/wp\/v2\/pages"}],"about":[{"href":"https:\/\/primaria-stilpu.ro\/index.php\/wp-json\/wp\/v2\/types\/page"}],"author":[{"embeddable":true,"href":"https:\/\/primaria-stilpu.ro\/index.php\/wp-json\/wp\/v2\/users\/2"}],"replies":[{"embeddable":true,"href":"https:\/\/primaria-stilpu.ro\/index.php\/wp-json\/wp\/v2\/comments?post=107"}],"version-history":[{"count":3,"href":"https:\/\/primaria-stilpu.ro\/index.php\/wp-json\/wp\/v2\/pages\/107\/revisions"}],"predecessor-version":[{"id":124,"href":"https:\/\/primaria-stilpu.ro\/index.php\/wp-json\/wp\/v2\/pages\/107\/revisions\/124"}],"wp:attachment":[{"href":"https:\/\/primaria-stilpu.ro\/index.php\/wp-json\/wp\/v2\/media?parent=107"}],"curies":[{"name":"wp","href":"https:\/\/api.w.org\/{rel}","templated":true}]}}